{"id":58,"date":"2022-10-23T16:58:05","date_gmt":"2022-10-23T16:58:05","guid":{"rendered":"https:\/\/mb.oelhof.de\/?page_id=58"},"modified":"2025-08-05T13:06:43","modified_gmt":"2025-08-05T13:06:43","slug":"about","status":"publish","type":"page","link":"https:\/\/merit-bendler.de\/?page_id=58","title":{"rendered":"Info"},"content":{"rendered":"\n<div class=\"wp-block-group is-layout-flow wp-block-group-is-layout-flow\">\n<div class=\"wp-block-columns is-layout-flex wp-container-core-columns-is-layout-28f84493 wp-block-columns-is-layout-flex\">\n<div class=\"wp-block-column is-layout-flow wp-block-column-is-layout-flow\" style=\"flex-basis:35%\">\n<figure class=\"wp-block-image size-large\"><img data-recalc-dims=\"1\" loading=\"lazy\" decoding=\"async\" width=\"683\" height=\"1024\" data-attachment-id=\"1149\" data-permalink=\"https:\/\/merit-bendler.de\/?attachment_id=1149\" data-orig-file=\"https:\/\/i0.wp.com\/merit-bendler.de\/wp-content\/uploads\/2025\/06\/DSCF5497-scaled.jpg?fit=1707%2C2560&amp;ssl=1\" data-orig-size=\"1707,2560\" data-comments-opened=\"1\" data-image-meta=\"{&quot;aperture&quot;:&quot;0&quot;,&quot;credit&quot;:&quot;&quot;,&quot;camera&quot;:&quot;&quot;,&quot;caption&quot;:&quot;&quot;,&quot;created_timestamp&quot;:&quot;0&quot;,&quot;copyright&quot;:&quot;&quot;,&quot;focal_length&quot;:&quot;0&quot;,&quot;iso&quot;:&quot;0&quot;,&quot;shutter_speed&quot;:&quot;0&quot;,&quot;title&quot;:&quot;&quot;,&quot;orientation&quot;:&quot;0&quot;}\" data-image-title=\"DSCF5497\" data-image-description=\"\" data-image-caption=\"\" data-large-file=\"https:\/\/i0.wp.com\/merit-bendler.de\/wp-content\/uploads\/2025\/06\/DSCF5497-scaled.jpg?fit=683%2C1024&amp;ssl=1\" src=\"https:\/\/i0.wp.com\/merit-bendler.de\/wp-content\/uploads\/2025\/06\/DSCF5497.jpg?resize=683%2C1024&#038;ssl=1\" alt=\"\" class=\"wp-image-1149\" srcset=\"https:\/\/i0.wp.com\/merit-bendler.de\/wp-content\/uploads\/2025\/06\/DSCF5497-scaled.jpg?resize=683%2C1024&amp;ssl=1 683w, https:\/\/i0.wp.com\/merit-bendler.de\/wp-content\/uploads\/2025\/06\/DSCF5497-scaled.jpg?resize=200%2C300&amp;ssl=1 200w, https:\/\/i0.wp.com\/merit-bendler.de\/wp-content\/uploads\/2025\/06\/DSCF5497-scaled.jpg?resize=768%2C1152&amp;ssl=1 768w, https:\/\/i0.wp.com\/merit-bendler.de\/wp-content\/uploads\/2025\/06\/DSCF5497-scaled.jpg?resize=1024%2C1536&amp;ssl=1 1024w, https:\/\/i0.wp.com\/merit-bendler.de\/wp-content\/uploads\/2025\/06\/DSCF5497-scaled.jpg?resize=1365%2C2048&amp;ssl=1 1365w, https:\/\/i0.wp.com\/merit-bendler.de\/wp-content\/uploads\/2025\/06\/DSCF5497-scaled.jpg?w=1707&amp;ssl=1 1707w\" sizes=\"auto, (max-width: 683px) 100vw, 683px\" \/><\/figure>\n<\/div>\n\n\n\n<div class=\"wp-block-column is-layout-flow wp-block-column-is-layout-flow\" style=\"flex-basis:100%\">\n<p class=\"has-text-align-left has-primary-color has-text-color has-link-color wp-elements-7d110775a4d64ac5ef7f71fef5885e5f\" style=\"font-size:clamp(14px, 0.875rem + ((1vw - 3.2px) * 0.588), 18px);\">Merit Bendler (*2000) ist Fotografin aus Hamburg. Sie hat 2025 ihren Bachelor in Kommunikationsdesign an der Hochschule f\u00fcr Angewandte Wissenschaft (HAW) abgeschlossen.\u00a0<br>Mit ihrer Portrait- und\u00a0Dokumentarfotografie fokussiert sie sich auf Themen der Subkultur, Identit\u00e4t und des menschlichen Miteinander. Ihre Arbeiten zeichnen sich durch eine respektvolle und zugleich kritische Herangehensweise aus, die gesellschaftliche Strukturen hinterfragt und die Auseinandersetzung mit zeitgen\u00f6ssischen Fragestellungen fordert. Mit ihrem empathischen Blick und dem Gesp\u00fcr f\u00fcr visuelles Storytelling nutzt sie unterschiedlichste fotografische Ausdrucksformen, um vielschichtige Narrative zu entwickeln. Ihre Bildsprache ist dabei ebenso \u00e4sthetisch wie inhaltlich pr\u00e4zise. So er\u00f6ffnet sie R\u00e4ume f\u00fcr Reflexion und regt Betrachter*innen dazu an, gesellschaftliche Normen und Konstrukte zu hinterfragen.<\/p>\n<\/div>\n\n\n\n<div class=\"wp-block-column is-layout-flow wp-block-column-is-layout-flow\" style=\"flex-basis:20%\"><\/div>\n<\/div>\n<\/div>\n\n\n\n<div class=\"wp-block-group alignfull has-white-background-color has-background has-small-font-size is-layout-flow wp-block-group-is-layout-flow\" style=\"margin-top:0px;padding-top:4vw;padding-right:4vw;padding-bottom:4vw;padding-left:4vw\">\n<h5 class=\"wp-block-heading\" style=\"margin-bottom:1vw\">Ausstellungen<\/h5>\n\n\n\n<ul class=\"wp-block-list has-primary-color has-text-color has-link-color has-small-font-size wp-elements-4514c58bf836edf00aeba2241b766ad1\">\n<li>24.04.2025 &#8211; 27.04.2025 \u00bbWie sch\u00f6n, wie geil, wie frei\u00ab in der \u00bb CallMe#8\u00ab Gruppenausstellung, Jupiter, Hamburg (DE)<\/li>\n\n\n\n<li>19.02.2025 &#8211; 23.02.2025 \u00bbWie sch\u00f6n, wie geil, wie frei\u00ab Soloausstellung, Satellit, Hamburg (DE)<\/li>\n\n\n\n<li>19.07.2024 &#8211; 04.08.2024 \u00bbMetamorphosis\u00ab in der \u00bbgef\u00e4hrdet leben. Queere Menschen von 1933-1945\u00ab Gruppenausstellung, Jupiter, Hamburg (DE)<\/li>\n\n\n\n<li>16.02.2024 &#8211; 17.02.2024 \u00bbMetamorphosis\u00ab in der \u00bb[UN]-MACHT\u00ab Gruppenausstellung, Galerie LAD\u00d8NS, Hamburg (DE)<\/li>\n\n\n\n<li>21.07.2022 &#8211; 22.07.2022 \u00bbMime \u00ab in der \u00bbEs findet kein Rundgang statt\u00ab Gruppenausstellung, HAW Finkenau 35, Hamburg (DE)<\/li>\n\n\n\n<li>01.01.2022 &#8211; 09.01.2022 \u00bbH&#8220;M&#8220; &#8211; der Heimatenstore\u00ab Gruppenperformance, Museum f\u00fcr Kunst und Gewerbe, Hamburg (DE)<\/li>\n<\/ul>\n<\/div>\n\n\n\n<div class=\"wp-block-group alignfull has-white-background-color has-background has-small-font-size is-layout-flow wp-block-group-is-layout-flow\" style=\"margin-top:0px;padding-top:4vw;padding-right:4vw;padding-bottom:4vw;padding-left:4vw\">\n<h5 class=\"wp-block-heading\" style=\"margin-bottom:1vw\">Education<\/h5>\n\n\n\n<ul class=\"wp-block-list has-primary-color has-text-color has-link-color has-small-font-size wp-elements-94bb5412f587a5041ad260ad4c5b2933\">\n<li>2020-2025 Bachelor of Arts &#8211; Kommunikationsdesign, Hochschule f\u00fcr angewandte Wissenschaft (HAW) Hamburg<\/li>\n<\/ul>\n<\/div>\n","protected":false},"excerpt":{"rendered":"<p>Merit Bendler (*2000) ist Fotografin aus Hamburg. Sie hat 2025 ihren Bachelor in Kommunikationsdesign an der Hochschule f\u00fcr Angewandte Wissenschaft (HAW) abgeschlossen.\u00a0Mit ihrer Portrait- und\u00a0Dokumentarfotografie fokussiert sie sich auf Themen der Subkultur, Identit\u00e4t und des menschlichen Miteinander. Ihre Arbeiten zeichnen sich durch eine respektvolle und zugleich kritische Herangehensweise aus, die gesellschaftliche Strukturen hinterfragt und die [&hellip;]<\/p>\n","protected":false},"author":1,"featured_media":1149,"parent":0,"menu_order":0,"comment_status":"closed","ping_status":"closed","template":"","meta":{"footnotes":""},"class_list":["post-58","page","type-page","status-publish","has-post-thumbnail","hentry"],"jetpack_sharing_enabled":true,"_links":{"self":[{"href":"https:\/\/merit-bendler.de\/index.php?rest_route=\/wp\/v2\/pages\/58","targetHints":{"allow":["GET"]}}],"collection":[{"href":"https:\/\/merit-bendler.de\/index.php?rest_route=\/wp\/v2\/pages"}],"about":[{"href":"https:\/\/merit-bendler.de\/index.php?rest_route=\/wp\/v2\/types\/page"}],"author":[{"embeddable":true,"href":"https:\/\/merit-bendler.de\/index.php?rest_route=\/wp\/v2\/users\/1"}],"replies":[{"embeddable":true,"href":"https:\/\/merit-bendler.de\/index.php?rest_route=%2Fwp%2Fv2%2Fcomments&post=58"}],"version-history":[{"count":14,"href":"https:\/\/merit-bendler.de\/index.php?rest_route=\/wp\/v2\/pages\/58\/revisions"}],"predecessor-version":[{"id":1578,"href":"https:\/\/merit-bendler.de\/index.php?rest_route=\/wp\/v2\/pages\/58\/revisions\/1578"}],"wp:featuredmedia":[{"embeddable":true,"href":"https:\/\/merit-bendler.de\/index.php?rest_route=\/wp\/v2\/media\/1149"}],"wp:attachment":[{"href":"https:\/\/merit-bendler.de\/index.php?rest_route=%2Fwp%2Fv2%2Fmedia&parent=58"}],"curies":[{"name":"wp","href":"https:\/\/api.w.org\/{rel}","templated":true}]}}